9?
71
What is the highest common factor of 4249 and 7?
7
Calculate the highest common divisor of 357 and 459.
51
What is the highest common divisor of 1280 and 80?
80
What is the greatest common factor of 200 and 1400?
200
Calculate the greatest common factor of 2716 and 532.
28
Calculate the highest common factor of 228 and 2109.
57
What is the highest common divisor of 2006 and 34?
34
What is the greatest common divisor of 8732 and 148?
148
What is the greatest common factor of 891 and 176?
11
Calculate the highest common factor of 342 and 1314.
18
What is the highest common divisor of 660 and 75?
15
Calculate the greatest common factor of 1 and 73.
1
Calculate the highest common divisor of 54 and 78.
6
Calculate the greatest common divisor of 13 and 6851.
13
Calculate the highest common divisor of 792 and 774.
18
What is the greatest common factor of 30 and 285?
15
Calculate the greatest common divisor of 20 and 4440.
20
What is the greatest common factor of 40 and 280?
40
What is the highest common divisor of 477 and 9?
9
What is the greatest common factor of 18 and 576?
18
What is the greatest common factor of 340 and 612?
68
What is the greatest common divisor of 5 and 7185?
5
What is the highest common factor of 1475 and 25?
25
What is the greatest common divisor of 203 and 6177?
29
Calculate the highest common divisor of 846 and 36.
18
What is the highest common factor of 133 and 35?
7
What is the greatest common divisor of 525 and 1281?
21
Calculate the greatest common factor of 6459 and 3.
3
Calculate the greatest common factor of 2 and 27.
1
What is the greatest common factor of 17199 and 126?
63
Calculate the greatest common divisor of 141 and 5264.
47
Calculate the highest common divisor of 70 and 10.
10
Calculate the greatest common divisor of 1015 and 29.
29
Calculate the highest common divisor of 512 and 6912.
256
Calculate the highest common divisor of 5616 and 144.
144
What is the greatest common divisor of 5016 and 198?
66
Calculate the greatest common factor of 65 and 13.
13
What is the highest common divisor of 247 and 5551?
13
What is the highest common divisor of 124 and 8?
4
What is the highest common factor of 114 and 24?
6
What is the highest common divisor of 704 and 1892?
44
What is the greatest common factor of 24 and 176?
8
What is the greatest common factor of 2002 and 7?
7
Calculate the highest common factor of 9 and 147.
3
What is the greatest common divisor of 35 and 2485?
35
Calculate the highest common factor of 48 and 1488.
48
What is the greatest common divisor of 2835 and 210?
105
Calculate the highest common factor of 475 and 57.
19
What is the greatest common divisor of 12 and 24?
12
Calculate the highest common factor of 520 and 1105.
65
What is the greatest common divisor of 1532 and 12?
4
What is the greatest common factor of 5 and 5?
5
Calculate the highest common factor of 44 and 198.
22
Calculate the greatest common factor of 15 and 45.
15
Calculate the greatest common factor of 194 and 582.
194
Calculate the greatest common divisor of 1224 and 16.
8
What is the highest common divisor of 308 and 88?
44
Calculate the greatest common factor of 169 and 559.
13
What is the greatest common divisor of 92 and 52?
4
What is the greatest common factor of 7640 and 40?
40
What is the highest common factor of 21242 and 95?
19
Calculate the greatest common divisor of 7812 and 756.
252
Calculate the highest common factor of 13 and 89323.
13
Calculate the highest common divisor of 6784 and 128.
128
What is the highest common divisor of 1095 and 15987?
219
Calculate the highest common divisor of 476 and 224.
28
What is the highest common divisor of 260 and 20?
20
What is the highest common divisor of 574 and 14?
14
What is the highest common divisor of 11 and 1?
1
What is the greatest common divisor of 473 and 11?
11
What is the highest common divisor of 10049 and 13?
13
What is the highest common divisor of 92 and 506?
46
What is the greatest common divisor of 12 and 384?
12
What is the highest common divisor of 136 and 1683?
17
Calculate the greatest common divisor of 76 and 4066.
38
What is the highest common divisor of 41 and 4961?
41
What is the greatest common factor of 281 and 19951?
281
What is the highest common divisor of 628 and 4?
4
Calculate the greatest common factor of 3 and 61.
1
What is the greatest common factor of 45 and 55?
5
What is the highest common factor of 385 and 10549?
77
What is the highest common factor of 1180 and 680?
20
Calculate the greatest common factor of 35 and 1000.
5
Calculate the highest common divisor of 16354 and 663.
221
Calculate the highest common divisor of 72 and 1256.
8
What is the greatest common factor of 99 and 27?
9
Calculate the highest common factor of 26 and 429.
13
Calculate the highest common divisor of 2298 and 48.
6
Calculate the highest common divisor of 42 and 1113.
21
What is the highest common factor of 9 and 2676?
3
What is the greatest common divisor of 32 and 26?
2
Calculate the greatest common divisor of 2214 and 1080.
54
Calculate the greatest common factor of 1490 and 20.
10
What is the highest common factor of 76 and 4?
4
What is the highest common factor of 55 and 44?
11
Calculate the greatest common divisor of 15 and 153.
3
Calculate the highest common divisor of 40078 and 116.
58
Calculate the highest common factor of 6370 and 130.
130
Calculate the greatest common factor of 3009 and 354.
177
What is the highest common factor of 300 and 500?
100
What is the greatest common factor of 360 and 495?
45
What is the greatest common factor of 35 and 77?
7
What is the highest common divisor of 10 and 15?
5
What is the highest common factor of 28 and 63?
7
What is the highest common divisor of 427 and 122?
61
What is the greatest common divisor of 5141 and 97?
97
What is the greatest common factor of 1161 and 903?
129
What is the greatest common divisor of 70 and 2576?
14
What is the greatest common factor of 100 and 80?
20
Calculate the highest common divisor of 128 and 36.
4
What is the highest common factor of 217 and 175?
7
What is the highest common divisor of 23 and 184?
23
What is the greatest common factor of 2688 and 1512?
168
What is the greatest common factor of 6 and 69?
3
Calculate the highest common factor of 1643 and 62.
31
What is the highest common divisor of 108 and 132?
12
Calculate the highest common factor of 245 and 5.
5
Calculate the highest common factor of 18 and 1926.
18
What is the highest common divisor of 6 and 34?
2
What is the highest common factor of 25 and 145325?
25
What is the greatest common factor of 126 and 14?
14
Calculate the greatest common divisor of 245 and 140.
35
What is the highest common factor of 5 and 205?
5
What is the highest common factor of 110 and 20?
10
Calculate the highest common divisor of 327 and 7303.
109
What is the greatest common factor of 80 and 64?
16
Calculate the highest common divisor of 9 and 36.
9
What is the greatest common divisor of 16 and 5?
1
Calculate the greatest common factor of 24 and 36.
12
What is the greatest common divisor of 2 and 158?
2
What is the greatest common factor of 1551 and 264?
33
Calculate the highest common divisor of 350 and 210.
70
Calculate the greatest common factor of 3025 and 25.
25
What is the greatest common divisor of 126 and 8226?
18
What is the greatest common divisor of 128 and 7776?
32
Calculate the greatest common factor of 375 and 405.
15
Calculate the highest common factor of 430 and 1634.
86
Calculate the greatest common divisor of 19881 and 3.
3
Calculate the highest common divisor of 24 and 56.
8
Calculate the greatest common factor of 196 and 112.
28
What is the greatest common factor of 3059 and 4921?
133
What is the highest common factor of 4089 and 1128?
141
Calculate the highest common divisor of 39 and 13.
13
What is the greatest common factor of 35 and 10?
5
What is the greatest common divisor of 15 and 150?
15
What is the highest common divisor of 6 and 4254?
6
Calculate the highest common factor of 92 and 244.
4
Calculate the highest common divisor of 11 and 1429.
1
Calculate the greatest common factor of 32 and 208.
16
What is the greatest common divisor of 160 and 1088?
32
Calculate the greatest common divisor of 135 an